ine k(-7).
6
Suppose 5*m + t = 22, -9 - 9 = -4*m - t. Let u(w) = -12*w + 38. Let j(s) = 3*s - 9. Suppose -22*r + 26*r - 8 = 0. Let g(o) = r*u(o) + 9*j(o). Calculate g(m).
7
Let w(n) = -2. Suppose 6*i + 2*i = -8. Let q(s) = s + 14. Let k(x) = i*q(x) - 3*w(x). Let p be -7 - 1/((-1)/1). What is k(p)?
-2
Suppose 15*v - 47 = -17. Let i(o) = -48*o**2 - 47*o**2 + 144*o**2 - 8 - 46*o**2 - v*o - o**3 + 9*o. Determine i(4).
4
Let r(y) be the second derivative of -8*y**3/3 - 14*y**2 - y - 2000. Give r(-1).
-12
Let b(l) be the first derivative of -l**2/2 - 19*l + 20644. Let s = -27 + 16. Calculate b(s).
-8
Let h(m) = -2 - 4*m**3 - 7*m + 6 + 3*m**3 - 8*m**2. Let x = 129 - 128. Let k be (-26)/4 + ((-6)/(-12) - x). Determine h(k).
4
Let z(q) = -26 + 68*q + 75*q - 144*q + 2 + q**2. Let b be z(-7). Suppose -3*p - b = 5*p. Let i(t) = t**3 + 4*t**2 + t + 2. Calculate i(p).
-2
Let l be (0 + -5)*4/(20/(-5)). Let v(t) = l + 1156*t**3 + 3 - 1157*t**3. Determine v(0).
8
Let m(v) be the third derivative of -v**6/120 - 3*v**5/20 - 13*v**4/24 + 13*v**3/6 + v**2 + 272. Calculate m(-7).
6
Suppose 0 = 15*v - 39 - 21. Let b(t) = t**3 - 3*t**2 + 2*t - 6. Give b(v).
18
Let d(r) = r**3 + 15*r**2 + 20*r - 30. Let s be (-4)/40*5*(-4 + 30). Calculate d(s).
48
Let b(c) = -c**2 - 1 - 8*c - 7 + 2 + c. Let q(d) = -d**2 - 12*d + 4. Let j be q(-12). Suppose -3*s = -2*z - 2*s - 17, -5*s = -j*z - 49. Determine b(z).
0
Let s be (13 + 48/(-6))*111. Let g(i) = -s - 6*i + 277 + i**2 + 279. Calculate g(5).
-4
Let j(a) be the third derivative of -a**7/840 + a**5/60 + a**4/24 - 14*a**3/3 - 14*a**2. Let v(f) be the first derivative of j(f). Calculate v(2).
-3
Let y(w) = 2*w + 12. Let m be (-5 - (-143)/22)/((-9)/24). What is y(m)?
4
Let m(v) = -v**2 + 5 - 1217*v + 2402*v - 1175*v. Suppose -4*f = -2*g + 42, 4*g - 28 - 26 = -2*f. Let q = g - 5. Determine m(q).
5
Let y(j) = -4*j + 1. Suppose t - 60 = -11*t. Let u(d) = -8*d. Let x(c) = t*y(c) - 2*u(c). Give x(4).
-11
Let g(o) = 2*o**3 - 9*o**2 + 27*o + 4. Let a(s) = -3*s**3 + s**2 + 5*s - 1. Let v(k) = -a(k) - g(k). Give v(-11).
-14
Let z(h) = 81*h + 83. Let n(u) = -24*u - 28. Let c(r) = 10*n(r) + 3*z(r). Determine c(10).
-1
Let r(t) = 261*t - 219. Let s(a) = 434*a - 363. Let p(c) = 17*r(c) - 10*s(c). Determine p(1).
4
Let h(d) = -152*d**3 + 1580*d - 3088*d + 3 - 7*d**2 + 1504*d + 151*d**3. Let x(i) = -7*i**3 + i - 1. Let q be x(1). What is h(q)?
31
Let t(d) be the third derivative of d**4/12 + 20*d**3/3 + 1585*d**2. Calculate t(-7).
26
Let f(u) be the first derivative of -u**6/360 + 11*u**5/120 - 18*u**3 + 5. Let r(x) be the third derivative of f(x). Give r(5).
30
Let w(a) = 26*a + 23*a - 76*a - 10 + 22*a. Let d(o) = -11*o - 19. Let q(g) = 4*d(g) - 9*w(g). What is q(-10)?
4
Let z be (-46)/2*(16 + -3). Let l = 302 + z. Let o(n) = -8*n. Calculate o(l).
-24
Let z = -9167 + 9181. Let o(d) = d**3 - 24*d**2 + 139*d + 16. Determine o(z).
2
Let i(q) be the third derivative of -q**4/12 - 10*q**3 - 223*q**2. Calculate i(-23).
-14
Let g(d) be the third derivative of -d**6/120 + d**5/10 - 5*d**4/24 - 2*d**3/3 + 5*d**2. Suppose 22*r - 17*r - 5 = -5*j, 0 = -4*j + r + 24. Calculate g(j).
-4
Let j be (2/(-3))/((-16)/(-120)). Let r be -8*(-2 - (-14)/8) - j. Let z(s) = -s + s**2 - 8*s + r + s. Calculate z(6).
-5
Let g be (3/(-15) - 1287/(-135))*60/35. Let v(w) = -w**2 + 9*w - 15. Calculate v(g).
-127
Let q(d) be the second derivative of -d**4/12 - 2*d**3 + 47*d**2/2 + d - 342. What is q(-15)?
2
Let i(r) be the first derivative of 2*r**2 - 9*r - 1. Let d(z) = 27790*z + 83363. Let u be d(-3). Determine i(u).
-37
Suppose 3*n - 34 = -4*s, 2*s - 5*n - 25 + 21 = 0. Suppose 0*j = -3*j + 9. Let r(i) = 4*i**3 - 12*i**2 + 6*i + 7 - 3*i**j + 4*i**2. Calculate r(s).
0
Let o(x) = -705*x - 89. Let j(g) = 589*g + 88. Let b(f) = 6*j(f) + 5*o(f). Give b(-8).
11
Let i(f) = -1278*f - 933 + 469 + 468 + 1277*f. Let p = 0 + 2. Suppose -p*b - 3*b = -20. Calculate i(b).
0
Suppose v - 3 = 2, -4*x + v = -907. Let m = -231 + x. Let w(a) = 7*a + 3. Calculate w(m).
-18
Let p be 6*((0 - (-42)/18) + -1). Let o(l) = 8*l - 20. Calculate o(p).
44
Suppose 0 = -159*p + 695 + 1372. Let t(z) = -4 + z - 18 + 0*z. Calculate t(p).
-9
Let g(c) be the first derivative of c**4/4 + 4*c**3 - 23*c**2/2 - 127*c - 7664. What is g(-13)?
3
Let k(p) = p - 2. Let w(h) = 3*h - 45. Let t(j) = k(j) - w(j). Determine t(21).
1
Let l be -4 + (14 - (-30)/(-2)). Let m(f) = -f**3 - 4*f**2 + 11*f + 11. Give m(l).
-19
Let i(f) be the second derivative of -5*f**4/12 + f**3/2 - f. Let h = 131694 - 131692. Determine i(h).
-14
Suppose o - 8*o = 35. Let q be (-10)/25 + 28/o. Let s(u) be the first derivative of u**2/2 + 10*u + 3. What is s(q)?
4
Let d(p) = -2*p - 10. Let m be d(-7). Let q(s) = -s**2 + 6*s + 78. Let b be q(12). Let a be 0 + b/m*(-136)/(-51). Let t(z) = 2*z. What is t(a)?
8
Let r(q) = 2*q**2 - 24*q - 46. Let m be r(-2). Let f(c) = 3*c**2 - 3 - 14*c**2 + 12 + 2*c - m. Calculate f(1).
-10
Let b be 48/(-80)*10 + 4*1. Let i(o) = -14*o + 8. Give i(b).
36
Suppose -23*b + 252 = -2*b. Suppose 29*k = 33*k - b. Let z(y) = 10*y - 4. Give z(k).
26
Let k(i) = -i. Let r(b) = 4*b - 44. Let q(u) = 6*k(u) + r(u). Let n be q(-14). Let t = -9 - n. Let p(f) = f**3 - 8*f**2 + 10*f - 10. What is p(t)?
11
Let l be (8/(-40))/((-6)/(-30)). Let d(j) = 15*j - 3. What is d(l)?
-18
Let b(r) = 2*r + 6. Let d(c) = -2*c - 7. Let z(u) = 4*u - 17. Let k be z(5). Let y = 6 - k. Let x(v) = y*d(v) + 4*b(v). Give x(4).
11
Let i(z) = -z**2 - 2*z + 13. Let j be i(9). Let o = j - -90. Let p(g) = -g**3 + 5*g**2 - 5*g - 2. Calculate p(o).
-6
Let t(z) be the first derivative of z**4/4 + 10*z**3/3 - 6*z**2 - 9*z - 66974. Let a(o) = o**3 - 2*o**2 - 3*o - 1. Let b be a(-2). What is t(b)?
2
Let m(c) = -8*c - 11. Let k(y) = -42*y - 40. Let a(b) = k(b) - 3*m(b). What is a(-2)?
29
Suppose 0 = 2*a + 2*x - 34, a - 24 = -4*x - 1. Suppose 12*c - 7*c - a = 0. Let s(g) = -5*g - 7*g**2 - 1 - 8*g**3 - 5*g**c + 14*g**3 - 2*g**3. Give s(-6).
-7
Suppose 7*b - 2*b - 75 = 0. Let k(u) be the third derivative of -u**6/120 + u**5/4 - u**3 - 41494*u**2. Determine k(b).
-6
Let h = 571 - 555. Suppose 6*c + 5*f + 45 = c, 4*f + h = c. Let v(y) be the second derivative of y**5/20 + y**4/3 + y**2 - y. What is v(c)?
2
Let n(z) be the third derivative of -z**5/60 - 11*z**4/24 + z**3/3 - 74*z**2 - 5*z. Calculate n(-10).
12
Let d be -1*((-126)/14 + 4). Let g(s) = 10*s - 21. Determine g(d).
29
Let c(w) = 13*w**3 + w**2 - 5*w + 6. Let n(v) = -29*v**3 - 3*v**2 + 11*v - 13. Let u(m) = -7*c(m) - 3*n(m). Calculate u(1).
-3
Let p be ((0 - -4) + -2)*1. Let z(q) = 0*q + 5*q - q**p + 1 - 4 - q. Give z(5).
-8
Let l(f) = -f**2 + 20*f - 29. Suppose -30*m + 2679 = 111*m. What is l(m)?
-10
Let z = -1710 - -5132/3. Let s(p) be the third derivative of 0*p - 1/60*p**5 - 3*p**2 + z*p**3 + 0*p**4 + 0. Give s(-4).
-12
Let x(u) = -54*u + 17*u + 367 - 630. Give x(-7).
-4
Let b(c) = -15*c + 312. Let h = -16804 + 16824. What is b(h)?
12
Let j(y) = -y**3 - 12*y**2 - 29*y - 11. Suppose 12*g - 14*g - 4*f + 6 = 0, 5*f = -5*g - 15. Give j(g).
7
Let g = 11 + -6. Let r be (-48)/20 + 2 - 8/g. Let j(x) = 1 - x**2 - x + 2*x**2 - 2*x**2 + 0. Calculate j(r).
-1
Let r be -1 + 1 - (-3 + 15/3). Let d(f) be the first derivative of -7*f**3/6 - f**2 - 4*f - 2. Let b(v) be the first derivative of d(v). Give b(r).
12
Let y be -166 - -151 - (-18 - 0). Let v(u) be the third derivative of -7/6*u**y + 1/24*u**4 + 0*u + 0 + 10*u**2. Determine v(6).
-1
Let h(x) = -x**2 + 2. Suppose 377 - 55 = 23*k. Suppose 16*a + k = 23*a. Calculate h(a).
-2
Let f(i) be the first derivative of -i**6/360 + i**4/24 - i**3 + 12*i + 45. Let h(k) be the third derivative of f(k). What is h(-3)?
-8
Let i be (11/2)/(-11)*(2 - 10). Let k(m) = -i*m**2 + 12*m - 8*m + 6*m - 3 - m**3. Give k(-6).
9
Let m(t) = 8*t**2 + 7*t - 46 - 15*t**2 + 39. Let d(q) = -2*q**2 + q - 1. Let w(c) = 4*d(c) - m(c). Calculate w(2).
-7
Let g be ((-1)/(-3))/((-5)/255) + -74 + 76. Let t(f) = -f**2 - 11*f + 37. Give t(g).
-23
Let w(a) be the third derivative of -a**5/60 + a**4/4 - a**3/3 - 5*a**2. Suppose 14876*q = 14867*q + 63. What is w(q)?
-9
Let p(l) = l**2 + 4*l - 5. Let i be p(0). Let w(d) = -d**3 - 5*d**2 - 2*d - 8. Let k be w(i). Let t(y) = y**2 - 31 - 2*y + 0*y**2 + 30. Give t(k).
-1
Let